s of 160257?
3, 53419
List the prime factors of 11850.
2, 3, 5, 79
List the prime factors of 739.
739
What are the prime factors of 1694?
2, 7, 11
List the prime factors of 3059.
7, 19, 23
List the prime factors of 23892.
2, 3, 11, 181
List the prime factors of 3700.
2, 5, 37
What are the prime factors of 37239?
3, 12413
What are the prime factors of 5184?
2, 3
List the prime factors of 3658.
2, 31, 59
List the prime factors of 132238.
2, 37, 1787
What are the prime factors of 492?
2, 3, 41
List the prime factors of 356.
2, 89
List the prime factors of 2789.
2789
What are the prime factors of 13141?
17, 773
List the prime factors of 10293.
3, 47, 73
What are the prime factors of 99?
3, 11
What are the prime factors of 15707?
113, 139
List the prime factors of 20922.
2, 3, 11, 317
List the prime factors of 19404.
2, 3, 7, 11
What are the prime factors of 528?
2, 3, 11
List the prime factors of 9303.
3, 7, 443
List the prime factors of 4072.
2, 509
What are the prime factors of 8112?
2, 3, 13
List the prime factors of 32821.
23, 1427
List the prime factors of 7110.
2, 3, 5, 79
List the prime factors of 2301.
3, 13, 59
What are the prime factors of 14901?
3, 4967
List the prime factors of 1343.
17, 79
What are the prime factors of 4558?
2, 43, 53
What are the prime factors of 28830?
2, 3, 5, 31
List the prime factors of 14887.
14887
What are the prime factors of 1406?
2, 19, 37
What are the prime factors of 57?
3, 19
List the prime factors of 133887.
3, 13, 3433
List the prime factors of 63181.
23, 41, 67
List the prime factors of 576.
2, 3
What are the prime factors of 612?
2, 3, 17
What are the prime factors of 355?
5, 71
What are the prime factors of 64502?
2, 32251
What are the prime factors of 10016?
2, 313
What are the prime factors of 5384?
2, 673
List the prime factors of 11582.
2, 5791
List the prime factors of 1679.
23, 73
What are the prime factors of 307?
307
List the prime factors of 33098.
2, 13, 19, 67
List the prime factors of 610.
2, 5, 61
List the prime factors of 13541.
11, 1231
List the prime factors of 13019.
47, 277
List the prime factors of 519.
3, 173
What are the prime factors of 1049?
1049
What are the prime factors of 1437?
3, 479
List the prime factors of 6764.
2, 19, 89
What are the prime factors of 11412?
2, 3, 317
List the prime factors of 9537.
3, 11, 17
What are the prime factors of 7819?
7, 1117
List the prime factors of 3513.
3, 1171
What are the prime factors of 94915?
5, 41, 463
What are the prime factors of 374?
2, 11, 17
List the prime factors of 3390.
2, 3, 5, 113
List the prime factors of 16498.
2, 73, 113
What are the prime factors of 2334?
2, 3, 389
What are the prime factors of 993?
3, 331
What are the prime factors of 11623?
59, 197
List the prime factors of 4385.
5, 877
List the prime factors of 3977.
41, 97
List the prime factors of 20352.
2, 3, 53
List the prime factors of 142.
2, 71
List the prime factors of 1799.
7, 257
What are the prime factors of 26506?
2, 29, 457
What are the prime factors of 104902?
2, 7, 59, 127
List the prime factors of 2616.
2, 3, 109
List the prime factors of 27605.
5, 5521
List the prime factors of 3939.
3, 13, 101
List the prime factors of 1471.
1471
List the prime factors of 65282.
2, 7, 4663
List the prime factors of 56756.
2, 7, 2027
What are the prime factors of 2623?
43, 61
What are the prime factors of 37726?
2, 13, 1451
List the prime factors of 904.
2, 113
What are the prime factors of 18720?
2, 3, 5, 13
List the prime factors of 183.
3, 61
What are the prime factors of 666?
2, 3, 37
List the prime factors of 128666.
2, 64333
List the prime factors of 2569.
7, 367
What are the prime factors of 10667?
10667
List the prime factors of 125711.
125711
What are the prime factors of 66379?
41, 1619
List the prime factors of 3197.
23, 139
List the prime factors of 8036.
2, 7, 41
List the prime factors of 16055.
5, 13, 19
List the prime factors of 10658.
2, 73
List the prime factors of 110408.
2, 37, 373
What are the prime factors of 3815?
5, 7, 109
What are the prime factors of 216?
2, 3
What are the prime factors of 1542?
2, 3, 257
List the prime factors of 4562.
2, 2281
List the prime factors of 27157.
13, 2089
List the prime factors of 7981.
23, 347
What are the prime factors of 1049?
1049
What are the prime factors of 6954?
2, 3, 19, 61
List the prime factors of 4629.
3, 1543
List the prime factors of 108469.
31, 3499
List the prime factors of 2717.
11, 13, 19
What are the prime factors of 389?
389
What are the prime factors of 634?
2, 317
List the prime factors of 60785.
5, 12157
List the prime factors of 1756.
2, 439
What are the prime factors of 4262?
2, 2131
What are the prime factors of 930?
2, 3, 5, 31
What are the prime factors of 870?
2, 3, 5, 29
What are the prime factors of 17091?
3, 211
List the prime factors of 1577.
19, 83
What are the prime factors of 7822?
2, 3911
List the prime factors of 508.
2, 127
List the prime factors of 1931.
1931
List the prime factors of 98990.
2, 5, 19, 521
List the prime factors of 7148.
2, 1787
What are the prime factors of 4843?
29, 167
List the prime factors of 46110.
2, 3, 5, 29, 53
List the prime factors of 3042.
2, 3, 13
What are the prime factors of 12471?
3, 4157
List the prime factors of 3416.
2, 7, 61
What are the prime factors of 209?
11, 19
List the prime factors of 14624.
2, 457
List the prime factors of 63543.
3, 59, 359
What are the prime factors of 196?
2, 7
What are the prime factors of 3300?
2, 3, 5, 11
What are the prime factors of 74279?
74279
What are the prime factors of 931?
7, 19
What are the prime factors of 18526?
2, 59, 157
What are the prime factors of 751?
751
What are the prime factors of 75509?
7, 23, 67
List the prime factors of 97339.
11, 8849
What are the prime factors of 48406?
2, 24203
List the prime factors of 22506.
2, 3, 11, 31
What are the prime factors of 44332?
2, 11083
List the prime factors of 537.
3, 179
List the prime factors of 114980.
2, 5, 5749
List the prime factors of 13612.
2, 41, 83
List the prime factors of 261.
3, 29
List the prime factors of 11038.
2, 5519
List the prime factors of 1293.
3, 431
What are the prime factors of 24158?
2, 47, 257
List the prime factors of 1967.
7, 281
What are the prime factors of 73579?
11, 6689
What are the prime factors of 1425?
3, 5, 19
What are the prime factors of 27591?
3, 17, 541
What are the prime factors of 10687?
10687
List the prime factors of 101264.
2, 6329
What are the prime factors of 2396?
2, 599
List the prime factors of 9282.
2, 3, 7, 13, 17
What are the prime factors of 1204?
2, 7, 43
What are the prime factors of 9903?
3, 3301
List the prime factors of 20367.
3, 31, 73
What are the prime factors of 463?
463
List the prime factors of 1525.
5, 61
What are the prime factors of 491?
491
List the prime factors of 16258.
2, 11, 739
List the prime factors of 1623.
3, 541
List the prime factors of 6834.
2, 3, 17, 67
List the prime factors of 3645.
3, 5
List the prime factors of 240.
2, 3, 5
List the prime factors of 29354.
2, 13, 1129
What are the prime factors of 1574?
2, 787
What are the prime factors of 12661?
11, 1151
List the prime factors of 7555.
5, 1511
What are the prime factors of 679?
7, 97
What are the prime factors of 6890?
2, 5, 13, 53
What are the prime factors of 96760?
2, 5, 41, 59
What are the prime factors of 1319?
1319
List the prime factors of 2891.
7, 59
What are the prime factors of 813?
3, 271
What are the prime factors of 70082?
2, 67, 523
What are the prime factors of 3591?
3, 7, 19
List the prime factors of 10620.
2, 3, 5, 59
What are the prime factors of 23277?
3, 7759
What are the prime factors of 6492?
2, 3, 541
What are the prime factors of 14016?
2, 3, 73
What are the prime factors of 1499?
1499
List the prime factors of 1752.
2, 3, 73
List the prime factors of 10798.
2, 5399
List the prime factors of 3931.
3931
List the prime factors of 15618.
2, 3, 19, 137
What are the prime factors of 64745?
5, 23, 563
List the prime factors of 15353.
13, 1181
List the prime factors of 29108.
2, 19, 383
What are the prime factors of 97864?
2, 13, 941
List the prime factors of 385.
5, 7, 11
What are the prime factors of 846?
2, 3, 47
List the prime factors of 65693.
179, 367
What are the prime factors of 3